[INFO] fetching crate sound_analyzation 0.1.0...
[INFO] checking sound_analyzation-0.1.0 against master#9610dfe5a9a731ced1ea4923ecbd0c57fe367898 for beta-170-4
[INFO] extracting crate sound_analyzation 0.1.0 into /workspace/builds/worker-5-tc1/source
[INFO] validating manifest of crates.io crate sound_analyzation 0.1.0 on toolchain 9610dfe5a9a731ced1ea4923ecbd0c57fe367898
[INFO] running `Command { std: CARGO_HOME="/workspace/cargo-home" RUSTUP_HOME="/workspace/rustup-home" "/workspace/cargo-home/bin/cargo" "+9610dfe5a9a731ced1ea4923ecbd0c57fe367898" "metadata" "--manifest-path" "Cargo.toml" "--no-deps", kill_on_drop: false }`
[INFO] started tweaking crates.io crate sound_analyzation 0.1.0
[INFO] finished tweaking crates.io crate sound_analyzation 0.1.0
[INFO] tweaked toml for crates.io crate sound_analyzation 0.1.0 written to /workspace/builds/worker-5-tc1/source/Cargo.toml
[INFO] running `Command { std: CARGO_HOME="/workspace/cargo-home" RUSTUP_HOME="/workspace/rustup-home" __CARGO_TEST_CHANNEL_OVERRIDE_DO_NOT_USE_THIS="nightly" "/workspace/cargo-home/bin/cargo" "+9610dfe5a9a731ced1ea4923ecbd0c57fe367898" "generate-lockfile" "--manifest-path" "Cargo.toml" "-Zno-index-update", kill_on_drop: false }`
[INFO] running `Command { std: CARGO_HOME="/workspace/cargo-home" RUSTUP_HOME="/workspace/rustup-home" "/workspace/cargo-home/bin/cargo" "+9610dfe5a9a731ced1ea4923ecbd0c57fe367898" "fetch" "--manifest-path" "Cargo.toml", kill_on_drop: false }`
[INFO] running `Command { std: "docker" "create" "-v" "/var/lib/crater-agent-workspace/builds/worker-5-tc1/target:/opt/rustwide/target:rw,Z" "-v" "/var/lib/crater-agent-workspace/builds/worker-5-tc1/source:/opt/rustwide/workdir:ro,Z" "-v" "/var/lib/crater-agent-workspace/cargo-home:/opt/rustwide/cargo-home:ro,Z" "-v" "/var/lib/crater-agent-workspace/rustup-home:/opt/rustwide/rustup-home:ro,Z" "-e" "SOURCE_DIR=/opt/rustwide/workdir" "-e" "CARGO_TARGET_DIR=/opt/rustwide/target" "-e" "CARGO_HOME=/opt/rustwide/cargo-home" "-e" "RUSTUP_HOME=/opt/rustwide/rustup-home" "-w" "/opt/rustwide/workdir" "-m" "1610612736" "--user" "0:0" "--network" "none" "ghcr.io/rust-lang/crates-build-env/linux@sha256:19e73879b68f455e41552ea35293514db52ea292d993f571636dbffedb77a1ee" "/opt/rustwide/cargo-home/bin/cargo" "+9610dfe5a9a731ced1ea4923ecbd0c57fe367898" "metadata" "--no-deps" "--format-version=1", kill_on_drop: false }`
[INFO] [stdout] 9c6abba14bfa88b052b88eab841e0d49e90ee348fc84549fdf6f00428b048ec7
[INFO] running `Command { std: "docker" "start" "-a" "9c6abba14bfa88b052b88eab841e0d49e90ee348fc84549fdf6f00428b048ec7", kill_on_drop: false }`
[INFO] running `Command { std: "docker" "inspect" "9c6abba14bfa88b052b88eab841e0d49e90ee348fc84549fdf6f00428b048ec7", kill_on_drop: false }`
[INFO] running `Command { std: "docker" "rm" "-f" "9c6abba14bfa88b052b88eab841e0d49e90ee348fc84549fdf6f00428b048ec7", kill_on_drop: false }`
[INFO] [stdout] 9c6abba14bfa88b052b88eab841e0d49e90ee348fc84549fdf6f00428b048ec7
[INFO] running `Command { std: "docker" "create" "-v" "/var/lib/crater-agent-workspace/builds/worker-5-tc1/target:/opt/rustwide/target:rw,Z" "-v" "/var/lib/crater-agent-workspace/builds/worker-5-tc1/source:/opt/rustwide/workdir:ro,Z" "-v" "/var/lib/crater-agent-workspace/cargo-home:/opt/rustwide/cargo-home:ro,Z" "-v" "/var/lib/crater-agent-workspace/rustup-home:/opt/rustwide/rustup-home:ro,Z" "-e" "SOURCE_DIR=/opt/rustwide/workdir" "-e" "CARGO_TARGET_DIR=/opt/rustwide/target" "-e" "CARGO_INCREMENTAL=0" "-e" "RUST_BACKTRACE=full" "-e" "RUSTFLAGS=--cap-lints=forbid" "-e" "RUSTDOCFLAGS=--cap-lints=forbid" "-e" "CARGO_HOME=/opt/rustwide/cargo-home" "-e" "RUSTUP_HOME=/opt/rustwide/rustup-home" "-w" "/opt/rustwide/workdir" "-m" "1610612736" "--user" "0:0" "--network" "none" "ghcr.io/rust-lang/crates-build-env/linux@sha256:19e73879b68f455e41552ea35293514db52ea292d993f571636dbffedb77a1ee" "/opt/rustwide/cargo-home/bin/cargo" "+9610dfe5a9a731ced1ea4923ecbd0c57fe367898" "check" "--frozen" "--all" "--all-targets" "--message-format=json", kill_on_drop: false }`
[INFO] [stdout] 8ef37e1366bce4c51a8698a0df1b417849f0f9530616734479181caf3086777e
[INFO] running `Command { std: "docker" "start" "-a" "8ef37e1366bce4c51a8698a0df1b417849f0f9530616734479181caf3086777e", kill_on_drop: false }`
[INFO] [stderr]     Checking sound_analyzation v0.1.0 (/opt/rustwide/workdir)
[INFO] [stdout] error[E0432]: unresolved import `analyze`
[INFO] [stdout]    --> src/lib.rs:150:9
[INFO] [stdout]     |
[INFO] [stdout] 150 |     use analyze::*;
[INFO] [stdout]     |         ^^^^^^^ maybe a missing crate `analyze`?
[INFO] [stdout]     |
[INFO] [stdout]     = help: consider adding `extern crate analyze` to use the `analyze` crate
[INFO] [stdout] 
[INFO] [stdout] 
[INFO] [stdout] error[E0599]: no method named `gain` found for struct `Vec<{float}>` in the current scope
[INFO] [stdout]    --> src/lib.rs:157:27
[INFO] [stdout]     |
[INFO] [stdout] 8   |     fn gain(&mut self) -> f32;
[INFO] [stdout]     |        ---- the method is available for `Vec<{float}>` here
[INFO] [stdout] ...
[INFO] [stdout] 157 |         let gain = buffer.gain();
[INFO] [stdout]     |                           ^^^^ method not found in `Vec<{float}>`
[INFO] [stdout]     |
[INFO] [stdout]     = help: items from traits can only be used if the trait is in scope
[INFO] [stdout] help: the following trait is implemented but not in scope; perhaps add a `use` for it:
[INFO] [stdout]     |
[INFO] [stdout] 150 +     use Analyze;
[INFO] [stdout]     |
[INFO] [stdout] 
[INFO] [stdout] 
[INFO] [stdout] error[E0599]: no method named `yin_difference` found for struct `Vec<{float}>` in the current scope
[INFO] [stdout]    --> src/lib.rs:172:16
[INFO] [stdout]     |
[INFO] [stdout] 4   |     fn yin_difference(&mut self);
[INFO] [stdout]     |        -------------- the method is available for `Vec<{float}>` here
[INFO] [stdout] ...
[INFO] [stdout] 172 |         buffer.yin_difference();
[INFO] [stdout]     |                ^^^^^^^^^^^^^^ method not found in `Vec<{float}>`
[INFO] [stdout]     |
[INFO] [stdout]     = help: items from traits can only be used if the trait is in scope
[INFO] [stdout] help: the following trait is implemented but not in scope; perhaps add a `use` for it:
[INFO] [stdout]     |
[INFO] [stdout] 150 +     use Analyze;
[INFO] [stdout]     |
[INFO] [stdout] 
[INFO] [stdout] 
[INFO] [stdout] error[E0599]: no method named `yin_cumulative_mean_normalized_difference` found for struct `Vec<{float}>` in the current scope
[INFO] [stdout]    --> src/lib.rs:186:16
[INFO] [stdout]     |
[INFO] [stdout] 7   |     fn yin_cumulative_mean_normalized_difference(&mut self);
[INFO] [stdout]     |        ----------------------------------------- the method is available for `Vec<{float}>` here
[INFO] [stdout] ...
[INFO] [stdout] 186 |         buffer.yin_cumulative_mean_normalized_difference();
[INFO] [stdout]     |                ^^^^^^^^^^^^^^^^^^^^^^^^^^^^^^^^^^^^^^^^^ method not found in `Vec<{float}>`
[INFO] [stdout]     |
[INFO] [stdout]     = help: items from traits can only be used if the trait is in scope
[INFO] [stdout] help: the following trait is implemented but not in scope; perhaps add a `use` for it:
[INFO] [stdout]     |
[INFO] [stdout] 150 +     use Analyze;
[INFO] [stdout]     |
[INFO] [stdout] 
[INFO] [stdout] 
[INFO] [stdout] error[E0599]: no method named `yin_absolute_threshold` found for struct `Vec<{float}>` in the current scope
[INFO] [stdout]    --> src/lib.rs:198:27
[INFO] [stdout]     |
[INFO] [stdout] 5   |     fn yin_absolute_threshold(&mut self, threshold: f32) -> Option<usize>;
[INFO] [stdout]     |        ---------------------- the method is available for `Vec<{float}>` here
[INFO] [stdout] ...
[INFO] [stdout] 198 |         assert_eq!(buffer.yin_absolute_threshold(threshold), expected);
[INFO] [stdout]     |                           ^^^^^^^^^^^^^^^^^^^^^^ method not found in `Vec<{float}>`
[INFO] [stdout]     |
[INFO] [stdout]     = help: items from traits can only be used if the trait is in scope
[INFO] [stdout] help: the following trait is implemented but not in scope; perhaps add a `use` for it:
[INFO] [stdout]     |
[INFO] [stdout] 150 +     use Analyze;
[INFO] [stdout]     |
[INFO] [stdout] 
[INFO] [stdout] 
[INFO] [stdout] error[E0599]: no method named `yin_parabolic_interpolation` found for struct `Vec<{float}>` in the current scope
[INFO] [stdout]    --> src/lib.rs:210:27
[INFO] [stdout]     |
[INFO] [stdout] 6   |     fn yin_parabolic_interpolation(&mut self, tau_estimate: usize) -> f32;
[INFO] [stdout]     |        --------------------------- the method is available for `Vec<{float}>` here
[INFO] [stdout] ...
[INFO] [stdout] 210 |         assert_eq!(buffer.yin_parabolic_interpolation(tau_estimate), expected);
[INFO] [stdout]     |                           ^^^^^^^^^^^^^^^^^^^^^^^^^^^ method not found in `Vec<{float}>`
[INFO] [stdout]     |
[INFO] [stdout]     = help: items from traits can only be used if the trait is in scope
[INFO] [stdout] help: the following trait is implemented but not in scope; perhaps add a `use` for it:
[INFO] [stdout]     |
[INFO] [stdout] 150 +     use Analyze;
[INFO] [stdout]     |
[INFO] [stdout] 
[INFO] [stdout] 
[INFO] [stdout] error[E0599]: no method named `yin_pitch_detection` found for struct `Vec<{float}>` in the current scope
[INFO] [stdout]    --> src/lib.rs:224:27
[INFO] [stdout]     |
[INFO] [stdout] 2   |     fn yin_pitch_detection(&mut self, sample_rate: f32, threshold: f32) -> (f32, f32);
[INFO] [stdout]     |        ------------------- the method is available for `Vec<{float}>` here
[INFO] [stdout] ...
[INFO] [stdout] 224 |         assert_eq!(buffer.yin_pitch_detection(sample_rate, threshold), expected);
[INFO] [stdout]     |                           ^^^^^^^^^^^^^^^^^^^ method not found in `Vec<{float}>`
[INFO] [stdout]     |
[INFO] [stdout]     = help: items from traits can only be used if the trait is in scope
[INFO] [stdout] help: the following trait is implemented but not in scope; perhaps add a `use` for it:
[INFO] [stdout]     |
[INFO] [stdout] 150 +     use Analyze;
[INFO] [stdout]     |
[INFO] [stdout] 
[INFO] [stdout] 
[INFO] [stdout] error: aborting due to 7 previous errors
[INFO] [stdout] 
[INFO] [stdout] 
[INFO] [stdout] Some errors have detailed explanations: E0432, E0599.
[INFO] [stdout] 
[INFO] [stdout] For more information about an error, try `rustc --explain E0432`.
[INFO] [stdout] 
[INFO] [stderr] error: could not compile `sound_analyzation` (lib test) due to 8 previous errors
[INFO] running `Command { std: "docker" "inspect" "8ef37e1366bce4c51a8698a0df1b417849f0f9530616734479181caf3086777e", kill_on_drop: false }`
[INFO] running `Command { std: "docker" "rm" "-f" "8ef37e1366bce4c51a8698a0df1b417849f0f9530616734479181caf3086777e", kill_on_drop: false }`
[INFO] [stdout] 8ef37e1366bce4c51a8698a0df1b417849f0f9530616734479181caf3086777e
